{"id":1630,"date":"2024-05-20T22:50:24","date_gmt":"2024-05-20T20:50:24","guid":{"rendered":"https:\/\/zielonakaretka.pl\/sklep\/produkt\/fenix-mini-waporyzator-do-suszu-konopnego"},"modified":"2026-03-24T22:05:44","modified_gmt":"2026-03-24T21:05:44","slug":"fenix-mini-waporyzator-do-suszu-konopnego","status":"publish","type":"product","link":"https:\/\/zielonakaretka.pl\/sklep\/produkt\/fenix-mini-waporyzator-do-suszu-konopnego","title":{"rendered":"Fenix MINI Waporyzator do suszu konopnego"},"content":{"rendered":"<p>Fenix MINI to lekki waporyzator, charakteryzuj\u0105cy si\u0119 wysok\u0105 jako\u015bci\u0105 u\u017cytych w produkcji materia\u0142\u00f3w. Nagrzewanie suszu odbywa si\u0119 hybrydowo, z przewag\u0105 konwekcji (nagrzewanie przy u\u017cyciu gor\u0105cego powietrza) nad kondukcj\u0105 (ogrzewaniem poprzez \u015bciany komory grzewczej). Jedn\u0105 z cech tego niewielkiego waporyzatora jest doskona\u0142y stosunek jako\u015bci do ceny.<\/p>\n<p>W g\u00f3rnej cz\u0119\u015bci urz\u0105dzenia znajduje si\u0119 przejrzysty wy\u015bwietlacz OLED, z kt\u00f3rego u\u017cytkownik mo\u017ce dowiedzie\u0107 si\u0119, jaki jest obecny poziom na\u0142adowania baterii, temperatura pracy oraz ile czasu pozosta\u0142o do zako\u0144czenia sesji.<\/p>\n<p>Hybrydowa komora grzewcza wykonana z aluminium zapewnia par\u0119 wysokiej jako\u015bci, dzi\u0119ki czemu cieszy\u0107 si\u0119 mo\u017cna przed\u0142u\u017conymi sesjami, co generuje oszcz\u0119dno\u015bci na suszu.<\/p>\n<p>Matowa obudowa w kolorze czarnym oraz rozmiary waporyzatora umo\u017cliwiaj\u0105ce schowanie go w zamkni\u0119tej d\u0142oni, czyni\u0105 z Fenixa MINI bardzo dyskretne urz\u0105dzenie. Bez obaw mo\u017cna je nosi\u0107 przy sobie i inhalowa\u0107 si\u0119 nawet w miejscach publicznych bez obawy o ciekawskie spojrzenia.<\/p>\n<p><iframe src=\"https:\/\/www.youtube.com\/embed\/VThkOI-DXZw\" width=\"425\" height=\"350\" data-mce-fragment=\"1\"><\/iframe><\/p>\n<h2>Fenix MINI &#8211; zawarto\u015b\u0107 opakowania<\/h2>\n<p>Kupuj\u0105c nowy produkt, w zestawie otrzymujesz:<\/p>\n<ul>\n<li>urz\u0105dzenie Fenix MINI Vaporizer;<\/li>\n<li>kabel USB do \u0142adowania baterii;<\/li>\n<li>zapasow\u0105 uszczelk\u0119 wraz z sitkiem;<\/li>\n<li>p\u0119set\u0119;<\/li>\n<li>kwarcowy wk\u0142ad do waporyzacji koncentrat\u00f3w;<\/li>\n<li>ubijak do suszu;<\/li>\n<li>szczoteczk\u0119 do czyszczenia;<\/li>\n<li>instrukcj\u0119 obs\u0142ugi w j\u0119zyku polskim.<\/li>\n<\/ul>\n<h2>Fenix MINI &#8211; jak u\u017cywa\u0107?<\/h2>\n<p>Uk\u0142ad grzewczy modelu Fenix MINI zaprojektowany zosta\u0142 tak, aby urz\u0105dzenie osi\u0105gn\u0119\u0142o maksymaln\u0105 mo\u017cliw\u0105 wydajno\u015b\u0107. Element grzewczy zamontowano poni\u017cej aluminiowej komory na susz. Kiedy waporyzator jest uruchomiony, powietrze zaci\u0105gane jest do \u015brodka przez otwory na dole obudowy. Powietrze to po ogrzaniu przez element grzewczy przep\u0142ywa przez komor\u0119. Fenix MINI \u0142\u0105czy w sobie zatem najlepsze cechy dw\u00f3ch metod podgrzewania suszu.<\/p>\n<p>Proces waporyzacji jest tak prosty, jak to tylko mo\u017cliwe.<\/p>\n<ul>\n<li>W pierwszej kolejno\u015bci nale\u017cy umie\u015bci\u0107 wewn\u0105trz komory porcj\u0119 (~0,1 g) \u015brednio zmielonego suszu.<\/li>\n<li>Urz\u0105dzenie zostanie uruchomione po pi\u0119ciokrotnym wci\u015bni\u0119ciu przycisku. Trzeba wtedy ustawi\u0107 \u017c\u0105dan\u0105 temperatur\u0119 pracy. Fenix MINI rozpocznie automatyczne podgrzewanie suszu (zaleca si\u0119, by pocz\u0105tkuj\u0105cy u\u017cytkownicy rozpoczynali od ni\u017cszych temperatur, by stopniowo je zwi\u0119ksza\u0107 w miar\u0119 przyzwyczajania si\u0119).<\/li>\n<li>Inhaluj\u0105c, nale\u017cy wykonywa\u0107 d\u0142ugie, kilkusekundowe wdechy (to sprawia, \u017ce susz ma d\u0142u\u017cszy kontakt z rozgrzanym powietrzem).<\/li>\n<li>Po waporyzacji urz\u0105dzenie powinno ostygn\u0105\u0107. Kiedy to nast\u0105pi, nale\u017cy oczy\u015bci\u0107 komor\u0119.<\/li>\n<\/ul>\n<h3>Wskaz\u00f3wki dotycz\u0105ce \u0142adowania<\/h3>\n<p>Producent zdecydowa\u0142 si\u0119 na umieszczenie w tym modelu niewymiennej, litowo-polimerowej baterii o pojemno\u015bci 1600 mAh. Przy standardowym u\u017cytkowaniu pozwoli ona na 50 minut pracy, co bior\u0105c pod uwag\u0119 rozmiar urz\u0105dzenia, jest warto\u015bci\u0105 stosunkowo dobr\u0105. Do\u0142\u0105czony kabel micro-USB umo\u017cliwia \u0142adowanie ogniwa z u\u017cyciem laptopa lub powerbanku. Bateria b\u0119dzie w pe\u0142ni na\u0142adowana po oko\u0142o 90 minutach.<\/p>\n<h3>Fenix MINI &#8211; czego unika\u0107?<\/h3>\n<p>Fenix MINI jest bardzo prostym w obs\u0142udze urz\u0105dzeniem, a nieskomplikowana budowa sprawia, \u017ce jest to jeden z bardziej d\u0142ugowiecznych waporyzator\u00f3w dost\u0119pnych na rynku. U\u017cytkuj\u0105c produkt zgodnie z przeznaczeniem trudno co\u015b zepsu\u0107. Wa\u017cne jest jednak unikanie nadmiernego zabrudzenia. Regularna kontrola element\u00f3w, takich jak sitko i filtry pozwoli u\u017cytkownikowi cieszy\u0107 si\u0119 bezawaryjn\u0105 prac\u0105 urz\u0105dzenia przez d\u0142ugi czas.<\/p>\n<p>WA\u017bNE! Waporyzator przeznaczony jest do suszu i koncentrat\u00f3w. Pod \u017cadnym pozorem nie wolno waporyzowa\u0107 olejku CBD. Jest to ekstrakt powsta\u0142y na bazie oleju spo\u017cywczego. Tego typu produkty dedykowane s\u0105 do spo\u017cycia doustnego. Zastosowanie ich w waporyzatorze mo\u017ce doprowadzi\u0107 do ci\u0119\u017ckiej choroby p\u0142uc i innych powa\u017cnych komplikacji zdrowotnych.<\/p>\n<h3>Jak czy\u015bci\u0107 Fenix MINI?<\/h3>\n<p>Przed czyszczeniem, urz\u0105dzenie nale\u017cy pozostawi\u0107 do wystygni\u0119cia.<\/p>\n<p>Kondensacja pary wodnej sprawia, \u017ce ka\u017cdy waporyzator powinien by\u0107 raz na jaki\u015b czas czyszczony. Producent rekomenduje u\u017cywanie w tym celu alkoholu izopropylowego (ISO) o st\u0119\u017ceniu 99%. Wyczy\u015bci\u0107 nale\u017cy komor\u0119 grzewcz\u0105 oraz ca\u0142\u0105 drog\u0119, jak\u0105 przebywa para a\u017c do momentu wydostania si\u0119 z urz\u0105dzenia. By m\u00f3c efektywnie doczy\u015bci\u0107 zakamarki zaleca si\u0119 stosowanie patyczka higienicznego, kt\u00f3rym po zamoczeniu w ISO i delikatnym osuszeniu przy pomocy r\u0119cznika papierowego trzeba delikatnie pociera\u0107 miejsca, w kt\u00f3rych zbieraj\u0105 si\u0119 zabrudzenia.<\/p>\n<p>Najbardziej podatnymi na osadzanie brudu elementami waporyzatora s\u0105 filtry, sitka i ustnik. One wi\u0119c wymagaj\u0105 najwi\u0119kszej troski. Zaniedbanie doprowadzi do zaklejenia si\u0119 sitka, co w efekcie zmniejszy skuteczno\u015b\u0107 urz\u0105dzenia.<\/p>\n<p>WA\u017bNA WSKAZ\u00d3WKA! Alkohol izopropylowy powinien by\u0107 u\u017cywany tylko w dobrze wentylowanych pomieszczeniach lub na zewn\u0105trz (balkon, ogr\u00f3d, taras), je\u015bli tylko jest to mo\u017cliwe. Ponadto ISO jest \u015brodkiem skrajnie \u0142atwopalnym i lotnym, konieczne jest wi\u0119c trzymanie si\u0119 z dala od \u017ar\u00f3de\u0142 ognia.<\/p>\n<p>Fenix MINI po czyszczeniu powinien by\u0107 pozostawiony na jaki\u015b czas w celu odparowania pozosta\u0142o\u015bci alkoholu. Mo\u017ce to by\u0107 nawet kilka godzin. Przed kolejnym u\u017cyciem konieczne jest ustawienie w urz\u0105dzeniu maksymalnej temperatury, co ostatecznie usunie ewentualne resztki \u015brodka czyszcz\u0105cego.<\/p>\n<h3>Fenix mini &#8211; jaka temperatura?<\/h3>\n<p>System ustawiania temperatury umo\u017cliwia jej p\u0142ynn\u0105 regulacj\u0119 co jeden stopie\u0144 w zakresie od 160 do 221\u00b0C. Nagrzewanie nast\u0119puje b\u0142yskawicznie, urz\u0105dzenie jest wi\u0119c gotowe do u\u017cytku po oko\u0142o 30 sekundach. Temperatura pracy Fenixa MINI daje mo\u017cliwo\u015b\u0107 wykorzystania w nim najpopularniejszych typ\u00f3w suszu.<\/p>\n<h2>Fenix MINI &#8211; opinie<\/h2>\n<p>Opinie u\u017cytkownik\u00f3w s\u0105 jednoznacznie pozytywne. Cech\u0105 najcz\u0119\u015bciej wskazywan\u0105 jako najwi\u0119ksza zaleta jest idealny stosunek jako\u015bci do ceny. Fenix MINI jest najlepszym waporyzatorem w swojej kategorii cenowej. Ponadto tym, co przemawia za kupnem Fenixa MINI, s\u0105 r\u00f3wnie\u017c kompaktowe wymiary, doskona\u0142a jako\u015b\u0107 uzyskiwanej chmury i szybko\u015b\u0107 nagrzewania oraz wydajno\u015b\u0107 pozwalaj\u0105ca zaoszcz\u0119dzi\u0107 na suszu.<\/p>\n<p>Niewielki odsetek u\u017cytkownik\u00f3w Fenixa MINI zwraca uwag\u0119 na drobne niedogodno\u015bci. Pierwsza z nich zwi\u0105zana jest z kwarcowym wk\u0142adem s\u0142u\u017c\u0105cym do waporyzacji koncentrat\u00f3w. Cho\u0107 waporyzator Fenix MINI mo\u017ce obs\u0142ugiwa\u0107 zar\u00f3wno susz, jak i koncentraty, praktyka pokazuje, \u017ce kwarcowy wk\u0142ad, z tymi drugimi nie radzi sobie najlepiej.<\/p>\n<p>Drugim minusem jest niewymienna bateria, cho\u0107 nie jest to uci\u0105\u017cliwy mankament.<\/p>\n<p>Fenix MINI posiada jednak tak wiele pozytywnych cech, \u017ce te drobne niuanse przestaj\u0105 mie\u0107 znaczenie.<\/p>\n<h2>Fenix MINI &#8211; cena<\/h2>\n<p>Ze swoj\u0105 cen\u0105 utrzymuj\u0105c\u0105 si\u0119 na poziomie nieco powy\u017cej 300 z\u0142, waporyzator Fenix MINI jest bardzo atrakcyjn\u0105 opcj\u0105. Urz\u0105dzenie to wpisuje si\u0119 wi\u0119c doskonale w \u015bredni\u0105 p\u00f3\u0142k\u0119 cenow\u0105. Je\u015bli za\u015b chodzi o parametry i funkcjonalno\u015b\u0107, bije na g\u0142ow\u0119 konkurencyjne modele. Niewielki mankament, jakim jest brak wymiennej baterii, rekompensowany jest z nawi\u0105zk\u0105 przez niezwykle wydajny hybrydowy system grzewczy, kt\u00f3ry zu\u017cywa bardzo ma\u0142e, wr\u0119cz aptekarskie porcje suszu. Jednorazowa waporyzacja wymaga zaaplikowania do komory tylko oko\u0142o 0,1 g suszu, co przy \u015bredniej cenie urz\u0105dzenia sprawia, \u017ce z punktu widzenia finans\u00f3w, jest to optymalny wyb\u00f3r zar\u00f3wno dla pocz\u0105tkuj\u0105cych, jak i dla tych bardziej wprawionych u\u017cytkownik\u00f3w.<\/p>\n<h2>Fenix MINI &#8211; czy warto?<\/h2>\n<p>Doskona\u0142y stosunek jako\u015bci do ceny sprawia, \u017ce Fenix MINI jest bardzo po\u017c\u0105dany w\u015br\u00f3d mi\u0142o\u015bnik\u00f3w suszu CBD. Na jego pozytywne recenzje wp\u0142ywa r\u00f3wnie\u017c szereg poni\u017cszych zalet:<\/p>\n<ul>\n<li>solidna konstrukcja zapewniaj\u0105ca trwa\u0142o\u015b\u0107;<\/li>\n<li>komora grzewcza wykonana z anodyzowanego aluminium;<\/li>\n<li>\u0142atwo\u015b\u0107 i intuicyjno\u015b\u0107 obs\u0142ugi (tylko 3 przyciski i wy\u015bwietlacz);<\/li>\n<li>p\u0142ynna regulacja temperatury;<\/li>\n<li>konwekcyjno-kondukcyjny system grzewczy;<\/li>\n<li>wysoka jako\u015b\u0107, g\u0119sto\u015b\u0107 oraz wielko\u015b\u0107 chmur;<\/li>\n<li>niewielki rozmiar zapewniaj\u0105cy dyskrecj\u0119;<\/li>\n<li>optymalny w stosunku do rozmiaru urz\u0105dzenia czas pracy baterii;<\/li>\n<li>wy\u015bwietlacz w wysokiej rozdzielczo\u015bci;<\/li>\n<li>bogaty smak pary;<\/li>\n<li>szybkie nagrzewanie<\/li>\n<\/ul>\n<h2>Fenix MINI &#8211; specyfikacja techniczna<\/h2>\n<table cellspacing=\"10\" cellpadding=\"10\">\n<tbody>\n<tr>\n<td class=\"product-table\">Komora grzewcza<\/td>\n<td class=\"product-table\">aluminium<\/td>\n<\/tr>\n<tr>\n<td class=\"product-table\">Wymiary<\/td>\n<td class=\"product-table\">5cm x 8cm x 2,5cm<\/td>\n<\/tr>\n<tr>\n<td class=\"product-table\">Bateria<\/td>\n<td class=\"product-table\">akumulator 1600 mAh<\/td>\n<\/tr>\n<tr>\n<td class=\"product-table\">Zakres temperatur<\/td>\n<td class=\"product-table\">160-221\u00b0C<\/td>\n<\/tr>\n<tr>\n<td class=\"product-table\">Czas nagrzewania<\/td>\n<td class=\"product-table\">30 sekund<\/td>\n<\/tr>\n<tr>\n<td class=\"product-table\">Czas pracy<\/td>\n<td class=\"product-table\">do 50 minut<\/td>\n<\/tr>\n<tr>\n<td class=\"product-table\">Czas \u0142adowania baterii<\/td>\n<td class=\"product-table\">~90 minut<\/td>\n<\/tr>\n<tr>\n<td class=\"product-table\">Kontrola temperatury<\/td>\n<td class=\"product-table\">manualna, co 1 stopie\u0144<\/td>\n<\/tr>\n<tr>\n<td class=\"product-table\">Pojemno\u015b\u0107 komory<\/td>\n<td class=\"product-table\">0,1-0,15 g<\/td>\n<\/tr>\n<tr>\n<td class=\"product-table\">Metoda waporyzacji<\/td>\n<td class=\"product-table\">hybrydowa<\/td>\n<\/tr>\n<tr>\n<td class=\"product-table\">Spos\u00f3b \u0142adowania<\/td>\n<td class=\"product-table\">micro-USB<\/td>\n<\/tr>\n<tr>\n<td class=\"product-table\">Kompatybilno\u015b\u0107<\/td>\n<td class=\"product-table\">zio\u0142a i koncentraty<\/td>\n<\/tr>\n<tr>\n<td class=\"product-table\">Gwarancja<\/td>\n<td class=\"product-table\">2 lata<\/td>\n<\/tr>\n<\/tbody>\n<\/table>\n","protected":false},"excerpt":{"rendered":"<p>Fenix MINI to lekki waporyzator, charakteryzuj\u0105cy si\u0119 wysok\u0105 jako\u015bci\u0105 u\u017cytych w produkcji materia\u0142\u00f3w. Nagrzewanie suszu odbywa si\u0119 hybrydowo, z przewag\u0105 konwekcji (nagrzewanie przy u\u017cyciu gor\u0105cego powietrza) nad kondukcj\u0105 (ogrzewaniem poprzez \u015bciany komory grzewczej). Jedn\u0105 z cech tego niewielkiego waporyzatora jest doskona\u0142y stosunek jako\u015bci do ceny. W g\u00f3rnej cz\u0119\u015bci urz\u0105dzenia znajduje si\u0119 przejrzysty wy\u015bwietlacz OLED, z [&hellip;]<\/p>\n","protected":false},"featured_media":1631,"template":"","meta":[],"product_brand":[],"product_cat":[29],"product_tag":[],"class_list":{"0":"post-1630","1":"product","2":"type-product","3":"status-publish","4":"has-post-thumbnail","6":"product_cat-waporyzatory","7":"pa_producent-producent","9":"first","10":"instock","11":"purchasable","12":"product-type-simple"},"yoast_head":"<!-- This site is optimized with the Yoast SEO plugin v27.6 - https:\/\/yoast.com\/product\/yoast-seo-wordpress\/ -->\n<title>Fenix MINI Waporyzator do suszu konopnego - Zielona karetka.pl - sklep z waporyzatorami<\/title>\n<meta name=\"robots\" content=\"index, follow, max-snippet:-1, max-image-preview:large, max-video-preview:-1\" \/>\n<link rel=\"canonical\" href=\"https:\/\/zielonakaretka.pl\/sklep\/produkt\/fenix-mini-waporyzator-do-suszu-konopnego\" \/>\n<meta property=\"og:locale\" content=\"pl_PL\" \/>\n<meta property=\"og:type\" content=\"article\" \/>\n<meta property=\"og:title\" content=\"Fenix MINI Waporyzator do suszu konopnego - Zielona karetka.pl - sklep z waporyzatorami\" \/>\n<meta property=\"og:description\" content=\"Fenix MINI to lekki waporyzator, charakteryzuj\u0105cy si\u0119 wysok\u0105 jako\u015bci\u0105 u\u017cytych w produkcji materia\u0142\u00f3w. Nagrzewanie suszu odbywa si\u0119 hybrydowo, z przewag\u0105 konwekcji (nagrzewanie przy u\u017cyciu gor\u0105cego powietrza) nad kondukcj\u0105 (ogrzewaniem poprzez \u015bciany komory grzewczej). Jedn\u0105 z cech tego niewielkiego waporyzatora jest doskona\u0142y stosunek jako\u015bci do ceny. W g\u00f3rnej cz\u0119\u015bci urz\u0105dzenia znajduje si\u0119 przejrzysty wy\u015bwietlacz OLED, z [&hellip;]\" \/>\n<meta property=\"og:url\" content=\"https:\/\/zielonakaretka.pl\/sklep\/produkt\/fenix-mini-waporyzator-do-suszu-konopnego\" \/>\n<meta property=\"og:site_name\" content=\"Zielona karetka.pl - sklep z waporyzatorami\" \/>\n<meta property=\"article:modified_time\" content=\"2026-03-24T21:05:44+00:00\" \/>\n<meta property=\"og:image\" content=\"https:\/\/zielonakaretka.pl\/sklep\/wp-content\/uploads\/2024\/05\/fenix-mini-waporyzator-do-suszu-konopnego.jpg\" \/>\n\t<meta property=\"og:image:width\" content=\"900\" \/>\n\t<meta property=\"og:image:height\" content=\"900\" \/>\n\t<meta property=\"og:image:type\" content=\"image\/webp\" \/>\n<meta name=\"twitter:card\" content=\"summary_large_image\" \/>\n<meta name=\"twitter:label1\" content=\"Szacowany czas czytania\" \/>\n\t<meta name=\"twitter:data1\" content=\"7 minut\" \/>\n<script type=\"application\/ld+json\" class=\"yoast-schema-graph\">{\"@context\":\"https:\\\/\\\/schema.org\",\"@graph\":[{\"@type\":\"WebPage\",\"@id\":\"https:\\\/\\\/zielonakaretka.pl\\\/sklep\\\/produkt\\\/fenix-mini-waporyzator-do-suszu-konopnego\",\"url\":\"https:\\\/\\\/zielonakaretka.pl\\\/sklep\\\/produkt\\\/fenix-mini-waporyzator-do-suszu-konopnego\",\"name\":\"Fenix MINI Waporyzator do suszu konopnego - Zielona karetka.pl - sklep z waporyzatorami\",\"isPartOf\":{\"@id\":\"https:\\\/\\\/zielonakaretka.pl\\\/sklep\\\/#website\"},\"primaryImageOfPage\":{\"@id\":\"https:\\\/\\\/zielonakaretka.pl\\\/sklep\\\/produkt\\\/fenix-mini-waporyzator-do-suszu-konopnego#primaryimage\"},\"image\":{\"@id\":\"https:\\\/\\\/zielonakaretka.pl\\\/sklep\\\/produkt\\\/fenix-mini-waporyzator-do-suszu-konopnego#primaryimage\"},\"thumbnailUrl\":\"https:\\\/\\\/zielonakaretka.pl\\\/sklep\\\/wp-content\\\/uploads\\\/2024\\\/05\\\/fenix-mini-waporyzator-do-suszu-konopnego.jpg\",\"datePublished\":\"2024-05-20T20:50:24+00:00\",\"dateModified\":\"2026-03-24T21:05:44+00:00\",\"breadcrumb\":{\"@id\":\"https:\\\/\\\/zielonakaretka.pl\\\/sklep\\\/produkt\\\/fenix-mini-waporyzator-do-suszu-konopnego#breadcrumb\"},\"inLanguage\":\"pl-PL\",\"potentialAction\":[{\"@type\":\"ReadAction\",\"target\":[\"https:\\\/\\\/zielonakaretka.pl\\\/sklep\\\/produkt\\\/fenix-mini-waporyzator-do-suszu-konopnego\"]}]},{\"@type\":\"ImageObject\",\"inLanguage\":\"pl-PL\",\"@id\":\"https:\\\/\\\/zielonakaretka.pl\\\/sklep\\\/produkt\\\/fenix-mini-waporyzator-do-suszu-konopnego#primaryimage\",\"url\":\"https:\\\/\\\/zielonakaretka.pl\\\/sklep\\\/wp-content\\\/uploads\\\/2024\\\/05\\\/fenix-mini-waporyzator-do-suszu-konopnego.jpg\",\"contentUrl\":\"https:\\\/\\\/zielonakaretka.pl\\\/sklep\\\/wp-content\\\/uploads\\\/2024\\\/05\\\/fenix-mini-waporyzator-do-suszu-konopnego.jpg\",\"width\":900,\"height\":900},{\"@type\":\"BreadcrumbList\",\"@id\":\"https:\\\/\\\/zielonakaretka.pl\\\/sklep\\\/produkt\\\/fenix-mini-waporyzator-do-suszu-konopnego#breadcrumb\",\"itemListElement\":[{\"@type\":\"ListItem\",\"position\":1,\"name\":\"Strona g\u0142\u00f3wna\",\"item\":\"https:\\\/\\\/zielonakaretka.pl\\\/sklep\\\/\"},{\"@type\":\"ListItem\",\"position\":2,\"name\":\"Sklep\",\"item\":\"https:\\\/\\\/zielonakaretka.pl\\\/sklep\\\/sklep\"},{\"@type\":\"ListItem\",\"position\":3,\"name\":\"Fenix MINI Waporyzator do suszu konopnego\"}]},{\"@type\":\"WebSite\",\"@id\":\"https:\\\/\\\/zielonakaretka.pl\\\/sklep\\\/#website\",\"url\":\"https:\\\/\\\/zielonakaretka.pl\\\/sklep\\\/\",\"name\":\"Sklep z olejkami CBD | Lupus CBD - produkty z konopi CBD Vap\",\"description\":\"Sklep z waporyzatorami\",\"potentialAction\":[{\"@type\":\"SearchAction\",\"target\":{\"@type\":\"EntryPoint\",\"urlTemplate\":\"https:\\\/\\\/zielonakaretka.pl\\\/sklep\\\/?s={search_term_string}\"},\"query-input\":{\"@type\":\"PropertyValueSpecification\",\"valueRequired\":true,\"valueName\":\"search_term_string\"}}],\"inLanguage\":\"pl-PL\"}]}<\/script>\n<!-- \/ Yoast SEO plugin. -->","yoast_head_json":{"title":"Fenix MINI Waporyzator do suszu konopnego - Zielona karetka.pl - sklep z waporyzatorami","robots":{"index":"index","follow":"follow","max-snippet":"max-snippet:-1","max-image-preview":"max-image-preview:large","max-video-preview":"max-video-preview:-1"},"canonical":"https:\/\/zielonakaretka.pl\/sklep\/produkt\/fenix-mini-waporyzator-do-suszu-konopnego","og_locale":"pl_PL","og_type":"article","og_title":"Fenix MINI Waporyzator do suszu konopnego - Zielona karetka.pl - sklep z waporyzatorami","og_description":"Fenix MINI to lekki waporyzator, charakteryzuj\u0105cy si\u0119 wysok\u0105 jako\u015bci\u0105 u\u017cytych w produkcji materia\u0142\u00f3w. Nagrzewanie suszu odbywa si\u0119 hybrydowo, z przewag\u0105 konwekcji (nagrzewanie przy u\u017cyciu gor\u0105cego powietrza) nad kondukcj\u0105 (ogrzewaniem poprzez \u015bciany komory grzewczej). Jedn\u0105 z cech tego niewielkiego waporyzatora jest doskona\u0142y stosunek jako\u015bci do ceny. W g\u00f3rnej cz\u0119\u015bci urz\u0105dzenia znajduje si\u0119 przejrzysty wy\u015bwietlacz OLED, z [&hellip;]","og_url":"https:\/\/zielonakaretka.pl\/sklep\/produkt\/fenix-mini-waporyzator-do-suszu-konopnego","og_site_name":"Zielona karetka.pl - sklep z waporyzatorami","article_modified_time":"2026-03-24T21:05:44+00:00","og_image":[{"width":900,"height":900,"url":"https:\/\/zielonakaretka.pl\/sklep\/wp-content\/uploads\/2024\/05\/fenix-mini-waporyzator-do-suszu-konopnego.jpg","type":"image\/webp"}],"twitter_card":"summary_large_image","twitter_misc":{"Szacowany czas czytania":"7 minut"},"schema":{"@context":"https:\/\/schema.org","@graph":[{"@type":"WebPage","@id":"https:\/\/zielonakaretka.pl\/sklep\/produkt\/fenix-mini-waporyzator-do-suszu-konopnego","url":"https:\/\/zielonakaretka.pl\/sklep\/produkt\/fenix-mini-waporyzator-do-suszu-konopnego","name":"Fenix MINI Waporyzator do suszu konopnego - Zielona karetka.pl - sklep z waporyzatorami","isPartOf":{"@id":"https:\/\/zielonakaretka.pl\/sklep\/#website"},"primaryImageOfPage":{"@id":"https:\/\/zielonakaretka.pl\/sklep\/produkt\/fenix-mini-waporyzator-do-suszu-konopnego#primaryimage"},"image":{"@id":"https:\/\/zielonakaretka.pl\/sklep\/produkt\/fenix-mini-waporyzator-do-suszu-konopnego#primaryimage"},"thumbnailUrl":"https:\/\/zielonakaretka.pl\/sklep\/wp-content\/uploads\/2024\/05\/fenix-mini-waporyzator-do-suszu-konopnego.jpg","datePublished":"2024-05-20T20:50:24+00:00","dateModified":"2026-03-24T21:05:44+00:00","breadcrumb":{"@id":"https:\/\/zielonakaretka.pl\/sklep\/produkt\/fenix-mini-waporyzator-do-suszu-konopnego#breadcrumb"},"inLanguage":"pl-PL","potentialAction":[{"@type":"ReadAction","target":["https:\/\/zielonakaretka.pl\/sklep\/produkt\/fenix-mini-waporyzator-do-suszu-konopnego"]}]},{"@type":"ImageObject","inLanguage":"pl-PL","@id":"https:\/\/zielonakaretka.pl\/sklep\/produkt\/fenix-mini-waporyzator-do-suszu-konopnego#primaryimage","url":"https:\/\/zielonakaretka.pl\/sklep\/wp-content\/uploads\/2024\/05\/fenix-mini-waporyzator-do-suszu-konopnego.jpg","contentUrl":"https:\/\/zielonakaretka.pl\/sklep\/wp-content\/uploads\/2024\/05\/fenix-mini-waporyzator-do-suszu-konopnego.jpg","width":900,"height":900},{"@type":"BreadcrumbList","@id":"https:\/\/zielonakaretka.pl\/sklep\/produkt\/fenix-mini-waporyzator-do-suszu-konopnego#breadcrumb","itemListElement":[{"@type":"ListItem","position":1,"name":"Strona g\u0142\u00f3wna","item":"https:\/\/zielonakaretka.pl\/sklep\/"},{"@type":"ListItem","position":2,"name":"Sklep","item":"https:\/\/zielonakaretka.pl\/sklep\/sklep"},{"@type":"ListItem","position":3,"name":"Fenix MINI Waporyzator do suszu konopnego"}]},{"@type":"WebSite","@id":"https:\/\/zielonakaretka.pl\/sklep\/#website","url":"https:\/\/zielonakaretka.pl\/sklep\/","name":"Sklep z olejkami CBD | Lupus CBD - produkty z konopi CBD Vap","description":"Sklep z waporyzatorami","potentialAction":[{"@type":"SearchAction","target":{"@type":"EntryPoint","urlTemplate":"https:\/\/zielonakaretka.pl\/sklep\/?s={search_term_string}"},"query-input":{"@type":"PropertyValueSpecification","valueRequired":true,"valueName":"search_term_string"}}],"inLanguage":"pl-PL"}]}},"_links":{"self":[{"href":"https:\/\/zielonakaretka.pl\/sklep\/wp-json\/wp\/v2\/product\/1630","targetHints":{"allow":["GET"]}}],"collection":[{"href":"https:\/\/zielonakaretka.pl\/sklep\/wp-json\/wp\/v2\/product"}],"about":[{"href":"https:\/\/zielonakaretka.pl\/sklep\/wp-json\/wp\/v2\/types\/product"}],"wp:featuredmedia":[{"embeddable":true,"href":"https:\/\/zielonakaretka.pl\/sklep\/wp-json\/wp\/v2\/media\/1631"}],"wp:attachment":[{"href":"https:\/\/zielonakaretka.pl\/sklep\/wp-json\/wp\/v2\/media?parent=1630"}],"wp:term":[{"taxonomy":"product_brand","embeddable":true,"href":"https:\/\/zielonakaretka.pl\/sklep\/wp-json\/wp\/v2\/product_brand?post=1630"},{"taxonomy":"product_cat","embeddable":true,"href":"https:\/\/zielonakaretka.pl\/sklep\/wp-json\/wp\/v2\/product_cat?post=1630"},{"taxonomy":"product_tag","embeddable":true,"href":"https:\/\/zielonakaretka.pl\/sklep\/wp-json\/wp\/v2\/product_tag?post=1630"}],"curies":[{"name":"wp","href":"https:\/\/api.w.org\/{rel}","templated":true}]}}